Give y(-5).
180
Let f(k) = 5*k**3 - 754*k**2 + 605*k - 715. Give f(150).
35
Let b(k) = -24*k**3 - 12*k**2 + 336*k - 1004. What is b(3)?
-752
Let z(n) = -3*n**3 - 22*n**2 + 20*n - 12. Calculate z(-8).
-44
Let j(s) = -s**3 - 746*s**2 + 8623*s + 224076. Calculate j(-757).
4
Let g(f) = -4*f**3 + 67*f**2 - 53*f + 134. What is g(16)?
54
Let j(n) = 9*n**2 - 201*n + 45. Calculate j(21).
-207
Let t(l) = 22*l**3 - 927*l**2 - 177*l + 12745. What is t(42)?
19
Let r(l) = 37454*l - 149804. Calculate r(4).
12
Let x(b) = 5179*b - 124583. What is x(24)?
-287
Let d(z) = 20*z**2 + 316*z + 630. What is d(-10)?
-530
Let a(w) = -6*w**2 + 54*w + 835. What is a(18)?
-137
Let w(v) = 2207*v + 4459. What is w(-2)?
45
Let l(i) = -2*i**3 - 74*i**2 - 5776*i - 213724. Give l(-37).
-12
Let v(j) = 18*j**2 - 324*j - 1297. What is v(-4)?
287
Let s(g) = -32*g - 2499. Determine s(-77).
-35
Let b(j) = -j**2 - 41*j + 3686. Calculate b(45).
-184
Let a(t) = -2*t**2 + 479*t + 323683. Give a(-300).
-17
Let c(k) = 182*k**3 + 12*k**2 + 42*k + 27. What is c(-1)?
-185
Let v(m) = m**3 + 217*m**2 - 854*m - 138634. Give v(-218).
14
Let x(s) = -21*s**2 - 1896*s - 3796. Determine x(-2).
-88
Let w(o) = -4*o**3 + 4*o**2 - 3*o + 395. Give w(0).
395
Let o(h) = -375*h - 26702. What is o(-71)?
-77
Let m(u) = u**3 + 71*u**2 + 420*u + 1950. Determine m(-65).
0
Let v(d) = -15*d**2 + 12112*d - 60565. Determine v(5).
-380
Let d(n) = 10227*n + 56590. What is d(-5)?
5455
Let l(i) = -44003*i - 660072. Give l(-15).
-27
Let g(q) = -q**2 + 210654*q - 7582234. Calculate g(36).
14
Let u(w) = -153*w**3 - 94*w + 271. Calculate u(3).
-4142
Let r(h) = 539*h + 162734. What is r(-302)?
-44
Let d(l) = -7*l**3 - 583*l**2 + 574*l + 9. Give d(1).
-7
Let t(y) = y**3 - 37*y**2 + 846*y - 28975. What is t(36)?
185
Let o(q) = q**2 - 27810*q - 2259168. Calculate o(-81).
3
Let l(r) = 610*r**3 - 2*r**2 + 202*r - 395. Give l(2).
4881
Let n(y) = 246*y + 973. Calculate n(-1).
727
Let d(q) = -38437*q - 807145. Determine d(-21).
32
Let h(k) = 891*k - 62418. What is h(70)?
-48
Let h(t) = -92826*t + 556959. Determine h(6).
3
Let q(x) = -2*x**2 + 290*x + 3140. Give q(-10).
40
Let l(i) = 504*i**2 + 515*i + 1010. Calculate l(-2).
1996
Let k(p) = -866074*p**2 + 4*p + 3. Calculate k(0).
3
Let l(p) = -641*p - 1369. Calculate l(-4).
1195
Let g(w) = -2*w**3 - 348*w**2 + 17132*w + 2496. Give g(-214).
-72
Let w(n) = -28568*n - 114252. Determine w(-4).
20
Let c(u) = 676*u + 31857. Determine c(-47).
85
Let w(n) = 14*n**3 - 30*n**2 - 115*n + 4. Calculate w(-4).
-912
Let g(w) = 1218*w**2 + 11891*w - 16578. Calculate g(-11).
-1
Let s(m) = -m**3 - 26*m**2 - 8*m - 44. Determine s(0).
-44
Let i(r) = -2*r**3 - 1306*r**2 - 6489*r - 62. Determine i(-5).
-17
Let o(i) = -213640*i - 1068307. What is o(-5)?
-107
Let z(b) = 5031211*b - 25156051. Determine z(5).
4
Let k(i) = 16988*i + 407731. Determine k(-24).
19
Let j(u) = -20374*u + 835332. Determine j(41).
-2
Let n(f) = 51*f**3 + 971*f**2 + 7*f + 56. Calculate n(-19).
645
Let y(f) = 8*f**3 + 86*f**2 - 111*f - 982. Calculate y(-11).
-3
Let a(v) = 20623*v + 206244. Calculate a(-10).
14
Let r(x) = -3*x**2 + 1038*x - 11809. Give r(334).
215
Let m(l) = 120*l**3 - 31201*l**2 + 257*l + 741. Calculate m(260).
-39
Let l(t) = -12746*t + 64681. Give l(5).
951
Let g(w) = -2*w**3 + 68*w**2 + 398*w - 326. Calculate g(39).
-14
Let l(b) = 126*b**3 + 7*b**2 - 21*b - 18. Determine l(-1).
-116
Let d(w) = -20*w**2 - 26278*w + 26281. Determine d(1).
-17
Let j(b) = -b**2 + 63*b - 365. Determine j(17).
417
Let w(u) = u**3 - 77*u**2 + 165*u + 3892. What is w(74)?
-326
Let f(m) = -2*m**2 + 5809*m - 189487. Give f(33).
32
Let y(l) = l**2 - 122*l - 4337. Give y(151).
42
Let k(r) = -4000*r + 42954. What is k(11)?
-1046
Let j(q) = q**2 + 8094*q - 2379298. Give j(284).
54
Let w(a) = 41347*a - 289416. Determine w(7).
13
Let h(j) = 343*j**2 + 4412*j - 598. Give h(-13).
13
Let i(f) = f**2 - 255*f - 12211. Determine i(-41).
-75
Let z(k) = -16*k**3 + 172*k**2 + 241*k - 4. Calculate z(12).
8
Let p(n) = n**3 + 25*n**2 - 112*n - 32. Determine p(0).
-32
Let f(n) = 15273*n + 106910. What is f(-7)?
-1
Let z(q) = 14*q**2 - 2585*q + 66070. Determine z(154).
4
Let h(x) = -28185*x + 253669. What is h(9)?
4
Let x(u) = -277*u**3 + 3*u**2 - 115*u - 231. Calculate x(-2).
2227
Let m(l) = 11*l**2 + 202*l - 3199. What is m(-29)?
194
Let u(n) = 25*n**3 - 36053*n**2 + 4332*n - 8655. Calculate u(1442).
-3
Let w(a) = a**3 + 11*a**2 + 3708*a + 33056. Determine w(-9).
-154
Let j(v) = -26*v - 231. What is j(1)?
-257
Let y(w) = w**3 + 11*w**2 - 52*w + 185. Determine y(-14).
325
Let v(f) = f**3 + 203*f**2 - 310*f + 20153. Calculate v(-205).
-347
Let i(y) = -2*y**2 - 416*y + 5958. Calculate i(-221).
212
Let q(g) = -598*g - 15790. Determine q(-28).
954
Let w(g) = 2*g**3 - 748*g**2 - 2283*g - 104. Determine w(-3).
-41
Let m(r) = r**3 + 130*r**2 + 256*r - 422. Give m(-128).
-422
Let n(c) = 2*c**2 + 293*c + 1872. What is n(-138)?
-474
Let u(r) = r**2 + 31*r + 118. Calculate u(12).
634
Let v(n) = -n**2 - 104*n + 2785. What is v(19)?
448
Let m(n) = 44*n**2 + 31949*n - 92587. What is m(-729)?
-4
Let t(b) = -2*b**3 + 152*b**2 + 680*b - 3151. Determine t(80).
49
Let v(z) = -4513*z + 31492. Calculate v(7).
-99
Let b(j) = 673*j - 1483. What is b(2)?
-137
Let k(w) = -548*w - 1392. Give k(-4).
800
Let n(h) = 4*h**3 + 200*h**2 + 1823*h - 8. Give n(-12).
4
Let n(q) = -711*q + 37250. Determine n(52).
278
Let c(z) = -249859*z + 1498991. What is c(6)?
-163
Let c(n) = -7*n**3 + 181*n**2 + 199*n + 18. Give c(-1).
7
Let t(f) = -15888*f + 111234. Determine t(7).
18
Let j(x) = -61869*x - 680515. Determine j(-11).
44
Let j(y) = -712*y + 72570. What is j(102)?
-54
Let b(f) = 87*f**2 - 6340*f - 916. Determine b(73).
-113
Let b(f) = -9269*f + 926919. What is b(100)?
19
Let s(i) = -i**2 + 10510*i + 326413. Give s(-31).
-358
Let c(m) = 2*m**3 + 74*m**2 - 542*m - 1121. Give c(-43).
-3
Let h(r) = 2*r**2 - 1703*r + 41328. Calculate h(25).
3
Let m(k) = -2*k**2 - 139*k + 5. Calculate m(-2).
275
Let a(z) = 875*z**2 - 78751*z + 54. What is a(90)?
-36
Let d(y) = -1213*y - 1414. Give d(-3).
2225
Let i(u) = 296*u**2 + 21314*u + 151. Determine i(-72).
7
Let c(m) = 7*m**2 + 517*m - 1120. What is c(-76)?
20
Let x(c) = 6971*c - 703898. Calculate x(101).
173
Let u(m) = m**3 - 78*m**2 - 503*m - 299. Give u(84).
-215
Let w(h) = -997861*h + 14967903. Calculate w(15).
-12
Let f(c) = -c**3 + 35*c**2 + 149*c - 4099. Give f(36).
-31
Let v(i) = 59*i**2 + 1542*i - 6184. What is v(4)?
928
Let t(m) = -478*m + 92821. What is t(194)?
89
Let f(q) = q**3 + 114*q**2 + 397*q - 4858. Give f(-110).
-128
Let h(l) = -9*l**2 + 215*l - 693. Calculate h(22).
-319
Let u(k) = 2*k**2 + 80*k + 511. Determine u(-23).
-271
Let u(d) = -3*d**3 + 88*d**2 - 109*d - 105. Determine u(28).
-21
Let i(o) = -5*o**2 - 34*o + 170. What is i(6)?
-214
Let f(o) = -33*o**2 - 1243*o + 1634. Calculate f(-39).
-82
Let y(k) = -3*k**3 - 204*k**2 + 417*k - 246. What is y(-70)?
-36
Let n(h) = -3470*h + 58999. Give n(17).
9
Let m(i) = -17*i**2 - 67*i + 1266. What is m(-11)?
-54
Let r(g) = 7*g**3 + 45*g**2 - 739*g + 1292. Calculate r(6).
-10
Let m(g) = 4030*g - 24283. What is m(6)?
-103
Let q(b) = -b**2 - 285*b - 15939. Give q(-203).
707
Let w(j) = -j**3 - 156*j**2 + 13*j + 3853. Give w(-156).
1825
Let m(i) = i**2 - 39*i - 121772. Determine m(369).
-2
Let g(d) = 288*d - 81264. Determine g(283).
240
Let x(v) = -6*v**3 + 93*v**2 + 181*v - 116. Calculate x(17).
360
Let u(f) = -f**2 + 4057*f - 64656. Give u(16).
0
Let b(m) = -77634*m - 388208. What is b(-5)?
-38
Let z(q) = 31*q**3 - 462*q**2 + 21*q - 998. Calculate z(15).
-8
Let v(h) = -332*h**2 + 117*h + 247. Calculate v(-2).
-1315
Let h(f) = 5*f**3 + 229*f**2 - 532*f - 216. What is h(-48)?
-24
Let b(x) = -80*x - 12870. Give b(-158).
-230
Let o(n) = -3*n**3 + 54*n**2 - 172*n - 186. Calculate o(13).
113
Let a(c) = 2*c**2 + 211*c + 1489. Determine a(-8).
-71
Let r(p) = 2265*p + 79130. Calculate r(-35).
-145
Let i(u) = -105*u**3 + 6*u**2 + 356*u + 688. What is i(-2)?
840
Let a(i) = -24786*i - 6047785. Determine a(-244).
-1
Let u(b) = b**3 + 179*b**2 + 496*b - 942. Calculate u(-176).
4690
Let r(l) = l**2 - 274*l + 10849. Determine r(47).
180
Let m(a) = -2*a**3 - 238*a**2 - 567*a - 11539. Calculate m(-117).
44
Let c(r) = 